t(o) = -o**3 + 6*o**2 + 6*o + 9. Determine t(7).
2
Let r(s) = -33*s + 898. Give r(27).
7
Let q(x) = 2*x**2 - 5*x + 10. Calculate q(7).
73
Let z(b) = -b**2 - 16*b + 18. Give z(-16).
18
Let o(b) = -6*b + 30. Determine o(6).
-6
Let y(j) = -16*j - 44. What is y(-10)?
116
Let y(a) = a**2 + 7*a. Determine y(-6).
-6
Let v(t) = -6*t + 2. Determine v(2).
-10
Let d(o) = 4*o**2 - 74*o + 74. What is d(1)?
4
Let q(u) = u**2 + 5*u - 16. Determine q(3).
8
Let u(i) = i**3 + 4*i**2 - 4*i - 5. What is u(-5)?
-10
Let k(r) = -7*r + 14. Determine k(6).
-28
Let n(d) = -2*d**3 + 10*d**2 + 50*d + 1. Give n(8).
17
Let c(v) = 12*v - 4. Give c(-4).
-52
Let h(p) = -p**2 + 11*p - 17. Give h(7).
11
Let k(d) = -d**3 + 6*d**2 - 3*d + 5. Give k(5).
15
Let v(p) = -p**2 - 42*p - 110. What is v(-39)?
7
Let x(k) = -18*k - 93. Determine x(-7).
33
Let b(n) = n**3 - 4*n**2 - 3*n + 5. Give b(4).
-7
Let n(a) = a**3 - 8*a**2 + 5. Determine n(8).
5
Let l(m) = 9*m - 407. Give l(47).
16
Let w(s) = -s**3 - 16*s**2 - 63*s - 6. Determine w(-7).
-6
Let s(f) = 3*f + 16. Determine s(-10).
-14
Let p(x) = x**3 - 2*x**2 - x + 80. What is p(0)?
80
Let g(h) = 16*h + 33. Give g(-2).
1
Let t(r) = -r**3 - 4*r**2 + 11*r - 3. Calculate t(-5).
-33
Let t(x) = 10*x + 1. Give t(1).
11
Let u(k) = k + 10. Determine u(8).
18
Let i(q) = -q**2 + 24*q + 2. Give i(24).
2
Let p(x) = -x**2 + 6*x - 8. Calculate p(6).
-8
Let r(q) = q**3 + 9*q**2 + 13*q - 28. What is r(-7)?
-21
Let n(m) = 6*m. Give n(-6).
-36
Let d(j) = -4*j + 73. What is d(16)?
9
Let u(i) = i + 1. What is u(-3)?
-2
Let p(y) = y**3 - 3*y**2 - 10*y + 2. Determine p(5).
2
Let c(n) = -5*n + 1. Give c(-2).
11
Let q(p) = -p**2 - 4*p + 14. Calculate q(-5).
9
Let m(j) = -j**2 - 4*j + 19. Determine m(-7).
-2
Let s(m) = -m**3 + 12*m**2 + 14*m + 3. Give s(13).
16
Let k(m) = m**3 + 9*m**2 - 12*m - 15. Calculate k(-10).
5
Let l(g) = g**3 - 6*g**2 + g + 6. What is l(5)?
-14
Let o(k) = k**3 + 7*k**2 + 4*k + 12. Determine o(-7).
-16
Let l(i) = -i**3 - 10*i**2 - 10*i + 1. What is l(-9)?
10
Let b(r) = -3*r - 6. Determine b(-2).
0
Let k(w) = w**3 + 6*w**2 + 3*w - 2. What is k(-6)?
-20
Let v(m) = -m + 17. Calculate v(9).
8
Let o(v) = v**3 + 22*v**2 + 19*v - 45. What is o(-21)?
-3
Let v(m) = 17*m - 90. Determine v(5).
-5
Let q(r) = r**3 - 10*r**2 + 4. Determine q(10).
4
Let q(o) = -2*o**2 - 10*o + 3. Determine q(-6).
-9
Let l(w) = -8*w - 141. What is l(-22)?
35
Let p(j) = 2*j**2 + 14*j + 33. Calculate p(-6).
21
Let w(i) = 3*i + 56. Determine w(-21).
-7
Let a(k) = 3*k + 3. Give a(1).
6
Let r(o) = -o**3 + 6*o**2 - 5*o - 4. Give r(5).
-4
Let c(n) = -n**3 - 4*n**2 - 6*n - 8. What is c(-2)?
-4
Let p(v) = -3*v - 25. Calculate p(-6).
-7
Let c(q) = -6*q**2 + 4*q - 2. Calculate c(2).
-18
Let z(q) = -15*q + 4. What is z(1)?
-11
Let h(g) = -40*g + 2. Determine h(-1).
42
Let k(h) = 3*h**3 - 3*h**2 - 4*h - 2. Give k(-1).
-4
Let c(j) = -j - 16. What is c(5)?
-21
Let d(v) = -v**3 + 10*v**2 - 15*v - 5. Give d(8).
3
Let t(j) = j**3 - 7. Calculate t(0).
-7
Let q(j) = 4*j - 10. Give q(11).
34
Let m(c) = c - 2. Determine m(3).
1
Let s(k) = -k + 1. Determine s(2).
-1
Let h(v) = -6*v + 9. Give h(4).
-15
Let p(o) = -3*o**2 - 12*o + 1. What is p(-5)?
-14
Let t(k) = -108*k - 977. Calculate t(-9).
-5
Let m(o) = -o**2 - 15*o - 10. Give m(-7).
46
Let f(z) = -z**3 + 10*z**2 - 15*z - 9. What is f(7)?
33
Let m(i) = -7*i**2 + 6*i + 9. Give m(-3).
-72
Let v(c) = -2*c**2 + 11*c - 13. Give v(6).
-19
Let c(m) = m**2 + 17*m - 18. Determine c(-19).
20
Let o(x) = x**3 + 6*x**2 - 6*x + 9. Give o(-7).
2
Let b(f) = f**3 + 9*f**2 + 8*f - 3. What is b(-5)?
57
Let u(k) = 2*k - 16. What is u(11)?
6
Let m(q) = 82*q + 303. Calculate m(-4).
-25
Let q(k) = k**3 - 3*k**2 - 2*k + 4. What is q(3)?
-2
Let b(d) = 4*d - 49. Calculate b(17).
19
Let m(j) = 2*j + 7. Calculate m(-7).
-7
Let c(w) = w**2 + 3*w + 5. Determine c(-3).
5
Let h(f) = f + 22. Determine h(-7).
15
Let n(c) = 191*c - 2. What is n(0)?
-2
Let t(w) = w**2 + 15*w + 59. Determine t(-5).
9
Let y(k) = 30*k**3 + 2*k**2 - 4*k + 3. Calculate y(1).
31
Let p(a) = 3*a**2 + 3*a - 2. Calculate p(1).
4
Let c(n) = 10*n**2 + 138*n - 21. Determine c(-14).
7
Let i(d) = d**2 + 5*d + 1. Determine i(-6).
7
Let k(f) = f**2 - 19*f + 36. Calculate k(15).
-24
Let o(u) = u**3 - 10*u**2 - 13*u + 21. Determine o(11).
-1
Let s(m) = m**2 + 3*m + 7. Give s(-6).
25
Let u(m) = m**3 - 9*m**2 - 11*m + 1. Calculate u(10).
-9
Let p(r) = -r**3 + 27*r**2 + r - 18. Determine p(27).
9
Let k(z) = 12*z - 56. Calculate k(5).
4
Let u(t) = -8*t**2 - 2*t - 6. Give u(-3).
-72
Let s(d) = d**3 - 12*d**2 + 6*d - 6. Determine s(10).
-146
Let t(j) = 9*j + 246. What is t(-27)?
3
Let l(b) = b**2 + 8*b - 3. Calculate l(-7).
-10
Let w(j) = -j**2 - 8*j + 11. Determine w(-9).
2
Let x(z) = z**3 + 15*z**2 + 16*z - 3. Determine x(-14).
-31
Let x(m) = -m - 18. Give x(-19).
1
Let c(p) = p**3 - 26*p**2 - 86*p - 32. Determine c(29).
-3
Let k(g) = 3*g + 61. What is k(-19)?
4
Let g(h) = 29*h - 279. What is g(10)?
11
Let f(t) = -t - 10. Give f(-7).
-3
Let y(g) = 25*g - 32. Give y(1).
-7
Let y(c) = -15*c - 180. Calculate y(-12).
0
Let g(b) = b**3 + 14*b**2 + 7*b - 36. Calculate g(-14).
-134
Let r(g) = -g**3 + 7*g**2 - 3*g - 4. What is r(4)?
32
Let g(b) = b**3 + 23*b**2 + 42*b - 23. What is g(-21)?
-23
Let a(s) = s**3 - 2*s**2 + s - 8. Determine a(2).
-6
Let c(x) = x**2 + 62*x - 184. What is c(3)?
11
Let h(s) = s**3 + 26*s**2 + 62*s - 153. Determine h(-23).
8
Let k(l) = -9*l + 83. What is k(11)?
-16
Let f(b) = 3*b**3 - b**2 + 9*b - 8. What is f(1)?
3
Let i(c) = 2*c**2 + 5*c - 4. Calculate i(-4).
8
Let v(a) = a**2 + 10*a + 5. What is v(-4)?
-19
Let h(g) = g**3 + 7*g**2 - 3*g + 8. Give h(-7).
29
Let z(p) = -2*p**3 + 13*p**2 + 6*p + 4. Calculate z(7).
-3
Let v(o) = -o + 5. Determine v(3).
2
Let d(m) = -m**2 + 18*m + 125. Give d(-6).
-19
Let q(o) = -6*o + 2. Calculate q(3).
-16
Let l(s) = -10*s + 19. Calculate l(-6).
79
Let g(a) = -a**3 - 8*a**2 + 7*a + 4. Give g(-9).
22
Let q(f) = -f**2 + 11*f + 4. Give q(9).
22
Let y(k) = -2*k**3 + 13. What is y(-4)?
141
Let u(w) = 18*w + 113. What is u(-6)?
5
Let n(b) = -b**2 - 6*b - 7. Calculate n(-5).
-2
Let u(x) = -x**2 + 5*x + 16. Determine u(-3).
-8
Let k(l) = 129*l**2 - 4*l. Give k(1).
125
Let r(y) = 69*y - 3. Determine r(2).
135
Let n(c) = -19*c - 362. What is n(-18)?
-20
Let k(z) = -z**3 + 10*z**2 - 7*z - 3. Give k(9).
15
Let s(f) = -7*f - 45. Give s(-4).
-17
Let r(m) = -m**3 + 7*m**2 + 4*m + 5. Give r(7).
33
Let d(q) = q**3 - 14*q**2 + 6*q + 18. Determine d(13).
-73
Let f(i) = i**3 - 34*i**2 + 29*i + 67. Calculate f(33).
-65
Let x(q) = q**3 + 10*q**2 - 14*q + 12. Give x(-11).
45
Let z(w) = -2*w**3 + 4*w**2 + 3*w + 6. What is z(4)?
-46
Let s(f) = -14*f + 319. What is s(22)?
11
Let j(a) = -12*a**3 - 2*a**2 + 1. What is j(-1)?
11
Let r(c) = c**2 - 15*c. Determine r(14).
-14
Let z(c) = -c**3 + 2*c**2 - 3. What is z(2)?
-3
Let x(h) = 13*h + 4. What is x(-5)?
-61
Let p(z) = 2*z**3 + 15*z**2 - 5*z + 12. What is p(-8)?
-12
Let j(g) = 13*g**3 + g**2 - 4*g - 6. What is j(-1)?
-14
Let b(c) = -8*c**2 + 11*c + 11. What is b(-1)?
-8
Let c(u) = -26*u**3 + 2*u - 1. Give c(1).
-25
Let s(t) = -t**3 + 12*t**2 + 5*t + 17. Calculate s(12).
77
Let n(c) = -6*c**2 - 36*c + 1. Calculate n(-6).
1
Let y(u) = -2*u**2 - 7*u - 3. What is y(-3)?
0
Let r(a) = a**2 - 22*a + 116. Determine r(10).
-4
Let k(m) = -18*m + 2. Calculate k(-2).
38
Let x(j) = j**3 + 15*j**2 - 16*j - 5. Give x(-16).
-5
Let n(f) = f**3 - 4*f**2 + 7. What is n(4)?
7
Let y(o) = o - 1. Give y(-2).
-3
Let b(x) = -7*x + 14. Calculate b(6).
-28
Let j(c) = -6*c**2 - 10*c - 11. Determine j(-1).
-7
Let z(m) = -3*m - 10. Determine z(-9).
17
Let o(u) = -u**2 - 11*u + 11. Calculate o(-12).
-1
Let l(p) = -p + 15. What is l(14)?
1
Let s(n) = 18*n**3 + 2*n**2 - 1. What is s(1)?
19
Let y(n) = -n**3 - 9*n**2 - 2*n - 4. Determine y(-9).
14
Let c(i) = -2*i - 6. Give c(4).
-14
Let k(s) = 4*s - 8. Determine k(-7).
-36
Let g(d) = 5*d + 11. What is g(-6)?
-19
Let t(n) = 11*n - 85. Calculate t(7).
-8
Let u(l) = l**3 - 32*l**2 + 60*l - 3. Give u(30).
-3
Let y(v) = 12*v - 9. What is y(1)?
3
Let k(a) = 2*a - 4. Determine k(-11).
-26
Let i(o) = -38*o. Determine i(1).
-38
Let l(m) = 2*m + 6. Determine l(-10).
-14
Let i(k) = -k**3 + 8*k**2 - 11*k + 6. Give i(7).
-22
Let w(d)